 remainder when 607438 is divided by 3555?
3088
What is the remainder when 478826 is divided by 478821?
5
Calculate the remainder when 9702584 is divided by 42.
38
Calculate the remainder when 3585124 is divided by 168.
4
What is the remainder when 552767 is divided by 183767?
1466
Calculate the remainder when 1853315 is divided by 264756.
23
What is the remainder when 105528 is divided by 718?
700
Calculate the remainder when 6416604 is divided by 20435.
14
What is the remainder when 149587887 is divided by 11?
9
Calculate the remainder when 3021312 is divided by 353.
338
Calculate the remainder when 129452 is divided by 910.
232
Calculate the remainder when 7701833 is divided by 2235.
23
Calculate the remainder when 3288321 is divided by 100.
21
Calculate the remainder when 420149 is divided by 2955.
539
Calculate the remainder when 8393522 is divided by 820.
2
Calculate the remainder when 27416 is divided by 610.
576
What is the remainder when 3488782 is divided by 185?
52
Calculate the remainder when 63873 is divided by 15893.
301
Calculate the remainder when 130646541 is divided by 27.
21
Calculate the remainder when 22277240 is divided by 140.
20
Calculate the remainder when 466497 is divided by 516.
33
Calculate the remainder when 5100 is divided by 1163.
448
Calculate the remainder when 228006 is divided by 119.
2
Calculate the remainder when 11181459 is divided by 87355.
19
Calculate the remainder when 977918 is divided by 977914.
4
Calculate the remainder when 14066101 is divided by 26.
23
Calculate the remainder when 65443413 is divided by 389.
387
Calculate the remainder when 44395 is divided by 43751.
644
Calculate the remainder when 30825 is divided by 1596.
501
Calculate the remainder when 872713 is divided by 218178.
1
What is the remainder when 18796 is divided by 4593?
424
What is the remainder when 53626354 is divided by 241?
239
Calculate the remainder when 27654 is divided by 11989.
3676
What is the remainder when 153813281 is divided by 61?
12
What is the remainder when 6165813 is divided by 1027635?
3
What is the remainder when 356074 is divided by 2076?
1078
Calculate the remainder when 91269650 is divided by 1825393.
0
Calculate the remainder when 1162781 is divided by 3982.
37
What is the remainder when 2993065 is divided by 118?
113
What is the remainder when 189414 is divided by 326?
8
Calculate the remainder when 9026 is divided by 2181.
302
What is the remainder when 6094 is divided by 1087?
659
Calculate the remainder when 2813041 is divided by 5288.
5113
What is the remainder when 5117481 is divided by 5117471?
10
What is the remainder when 25714550 is divided by 717?
62
What is the remainder when 1279418 is divided by 3655?
168
What is the remainder when 1766145695 is divided by 658?
657
What is the remainder when 248654 is divided by 82395?
1469
What is the remainder when 7598605 is divided by 22?
3
Calculate the remainder when 6030292 is divided by 23.
14
What is the remainder when 6538 is divided by 1216?
458
Calculate the remainder when 2431771 is divided by 303969.
19
What is the remainder when 659210 is divided by 131836?
30
Calculate the remainder when 85581873 is divided by 149.
147
What is the remainder when 9035041 is divided by 420?
1
What is the remainder when 96675 is divided by 6038?
67
Calculate the remainder when 1073988 is divided by 25571.
6
Calculate the remainder when 3650574 is divided by 217.
200
What is the remainder when 310232165 is divided by 25047?
23
Calculate the remainder when 8276156 is divided by 9.
8
Calculate the remainder when 1304480 is divided by 65222.
40
What is the remainder when 459073723 is divided by 825?
823
Calculate the remainder when 56215 is divided by 1043.
936
What is the remainder when 41976 is divided by 1553?
45
Calculate the remainder when 18256170 is divided by 3042684.
66
What is the remainder when 976902 is divided by 966?
276
What is the remainder when 34188297 is divided by 75?
72
What is the remainder when 215323 is divided by 3778?
3755
What is the remainder when 2543453 is divided by 5400?
53
What is the remainder when 8166566 is divided by 36457?
198
Calculate the remainder when 13560695 is divided by 6.
5
What is the remainder when 9252800 is divided by 9252793?
7
Calculate the remainder when 256548 is divided by 11154.
6
What is the remainder when 47175903 is divided by 159?
126
What is the remainder when 164423 is divided by 82095?
233
What is the remainder when 37288 is divided by 18168?
952
What is the remainder when 18104204 is divided by 841?
838
Calculate the remainder when 11353 is divided by 5270.
813
Calculate the remainder when 17709 is divided by 8479.
751
Calculate the remainder when 14423536 is divided by 1229.
1221
What is the remainder when 62534 is divided by 246?
50
Calculate the remainder when 2710969 is divided by 4674.
49
What is the remainder when 351639 is divided by 175779?
81
What is the remainder when 1214485 is divided by 414?
223
What is the remainder when 1191291 is divided by 396963?
402
Calculate the remainder when 32376 is divided by 433.
334
Calculate the remainder when 30681862 is divided by 344740.
2
What is the remainder when 93177152 is divided by 40?
32
What is the remainder when 1861419 is divided by 6463?
75
Calculate the remainder when 51945 is divided by 1789.
64
What is the remainder when 111387 is divided by 2336?
1595
Calculate the remainder when 96204415 is divided by 274.
1
What is the remainder when 68847751 is divided by 18?
1
What is the remainder when 584496 is divided by 388?
168
What is the remainder when 101114 is divided by 5613?
80
Calculate the remainder when 328722 is divided by 164355.
12
What is the remainder when 105103 is divided by 539?
537
What is the remainder when 27628120 is divided by 1910?
1880
What is the remainder when 20299968 is divided by 120833?
24
Calculate the remainder when 1417532 is divided by 157494.
86
Calculate the remainder when 1102721 is divided by 18371.
461
What is the remainder when 210309 is divided by 254?
251
Calculate the remainder when 5588359 is divided by 12096.
7
Calculate the remainder when 82875134 is divided by 4726.
4724
What is the remainder when 2447321 is divided by 420?
401
What is the remainder when 71307463 is divided by 509339?
3
What is the remainder when 8056578 is divided by 6150?
78
Calculate the remainder when 10632979 is divided by 77.
49
Calculate the remainder when 2624260 is divided by 9273.
1
Calculate the remainder when 172178 is divided by 172173.
5
Calculate the remainder when 440437 is divided by 8803.
287
What is the remainder when 273296169 is divided by 35?
34
Calculate the remainder when 2763785 is divided by 482.
479
What is the remainder when 1254511 is divided by 653?
98
What is the remainder when 296989 is divided by 3169?
2272
Calculate the remainder when 457244 is divided by 5316.
68
Calculate the remainder when 60470997 is divided by 40.
37
Calculate the remainder when 2047935 is divided by 640.
575
What is the remainder when 984313 is divided by 328102?
7
Calculate the remainder when 3907 is divided by 616.
211
What is the remainder when 41181 is divided by 13719?
24
What is the remainder when 2412921 is divided by 482584?
1
What is the remainder when 74581 is divided by 697?
2
What is the remainder when 327995 is divided by 21240?
9395
Calculate the remainder when 79358 is divided by 7011.
2237
What is the remainder when 195246 is divided by 474?
432
Calculate the remainder when 74295 is divided by 1178.
81
What is the remainder when 25993985 is divided by 8664611?
152
What is the remainder when 8457324 is divided by 14?
8
What is the remainder when 461423000 is divided by 1698?
1688
Calculate the remainder when 16298321 is divided by 4074574.
25
Calculate the remainder when 270458 is divided by 177.
2
What is the remainder when 929915 is divided by 132843?
14
Calculate the remainder when 9386309 is divided by 17.
14
What is the remainder when 164710857 is divided by 5591?
5588
What is the remainder when 49642667 is divided by 61?
13
What is the remainder when 20056531 is divided by 24?
19
Calculate the remainder when 31633 is divided by 22.
19
Calculate the remainder when 1135338 is divided by 66784.
10
What i